{"id":1511,"date":"2023-08-30T12:30:17","date_gmt":"2023-08-30T12:30:17","guid":{"rendered":"https:\/\/renatejessen.de\/?page_id=1511"},"modified":"2023-08-31T09:57:56","modified_gmt":"2023-08-31T09:57:56","slug":"begleitung-in-lebenskriesen","status":"publish","type":"page","link":"https:\/\/renatejessen.de\/index.php\/begleitung-in-lebenskriesen\/","title":{"rendered":"Begleitung in Lebenskrisen"},"content":{"rendered":"\t\t<div data-elementor-type=\"wp-page\" data-elementor-id=\"1511\" class=\"elementor elementor-1511\">\n\t\t\t\t\t\t<section class=\"elementor-section elementor-top-section elementor-element elementor-element-45b3671 elementor-section-boxed elementor-section-height-default elementor-section-height-default\" data-id=\"45b3671\" data-element_type=\"section\">\n\t\t\t\t\t\t<div class=\"elementor-container elementor-column-gap-default\">\n\t\t\t\t\t<div class=\"elementor-column elementor-col-100 elementor-top-column elementor-element elementor-element-a4b4ce8\" data-id=\"a4b4ce8\" data-element_type=\"column\">\n\t\t\t<div class=\"elementor-widget-wrap elementor-element-populated\">\n\t\t\t\t\t\t<section class=\"elementor-section elementor-inner-section elementor-element elementor-element-6fd70d6 elementor-section-boxed elementor-section-height-default elementor-section-height-default\" data-id=\"6fd70d6\" data-element_type=\"section\">\n\t\t\t\t\t\t<div class=\"elementor-container elementor-column-gap-default\">\n\t\t\t\t\t<div class=\"elementor-column elementor-col-100 elementor-inner-column elementor-element elementor-element-78bcd4d\" data-id=\"78bcd4d\" data-element_type=\"column\">\n\t\t\t<div class=\"elementor-widget-wrap elementor-element-populated\">\n\t\t\t\t\t\t<div class=\"elementor-element elementor-element-32b2f70 elementor-widget elementor-widget-heading\" data-id=\"32b2f70\" data-element_type=\"widget\" data-widget_type=\"heading.default\">\n\t\t\t\t<div class=\"elementor-widget-container\">\n\t\t\t\t\t<h2 class=\"elementor-heading-title elementor-size-default\">Begleitung in Lebenskrisen<\/h2>\t\t\t\t<\/div>\n\t\t\t\t<\/div>\n\t\t\t\t<div class=\"elementor-element elementor-element-11ed67b elementor-widget elementor-widget-text-editor\" data-id=\"11ed67b\" data-element_type=\"widget\" data-widget_type=\"text-editor.default\">\n\t\t\t\t<div class=\"elementor-widget-container\">\n\t\t\t\t\t\t\t\t\t<p>Das Leben ist voller H\u00f6hen und Tiefen, und manchmal k\u00f6nnen wir in Situationen geraten, die uns \u00fcberw\u00e4ltigen, verunsichern und uns das Gef\u00fchl geben, dass wir nicht weiterkommen k\u00f6nnen. Genau in solchen Momenten m\u00f6chte ich Ihnen beistehen.<\/p><p><strong>Was Sie von meiner Begleitung erwarten k\u00f6nnen:<\/strong><\/p><ul><li><p><strong>Ein offenes Ohr und Herz:<\/strong> W\u00e4hrend einer Lebenskrise m\u00f6chte ich Ihnen Raum geben, um Ihre Gedanken, Gef\u00fchle und \u00c4ngste auszudr\u00fccken. Ich h\u00f6re aufmerksam zu, ohne zu urteilen, und biete Ihnen einen sicheren Ort, um Ihre Emotionen zu teilen.<\/p><\/li><li><p><strong>Emotionale Unterst\u00fctzung:<\/strong> Ganz gleich, ob es sich um Verlust, Ver\u00e4nderungen, Beziehungsprobleme oder andere Herausforderungen handelt \u2013 ich bin hier, um Ihnen dabei zu helfen, Ihre Gef\u00fchle zu verstehen, zu akzeptieren und konstruktiv damit umzugehen.<\/p><\/li><li><p><strong>Gemeinsames Erarbeiten von L\u00f6sungen:<\/strong> Gemeinsam werden wir nach Wegen suchen, um mit der Krise umzugehen. Ich werde Ihnen helfen, Ihre eigenen St\u00e4rken und Ressourcen zu erkennen, um Schritt f\u00fcr Schritt wieder Halt zu finden.<\/p><\/li><li><p><strong>Strategien zur Bew\u00e4ltigung:<\/strong> Ich werde Ihnen Werkzeuge und Techniken an die Hand geben, die Ihnen helfen werden, mit Stress, Angst und anderen belastenden Emotionen umzugehen. Diese Strategien k\u00f6nnen Ihnen helfen, sich emotional zu stabilisieren und Klarheit zu gewinnen.<\/p><\/li><li><p><strong>Perspektivenwechsel:<\/strong> Inmitten einer Krise kann es schwierig sein, einen klaren Blick auf die Situation zu haben. Ich werde Ihnen helfen, verschiedene Blickwinkel zu betrachten und neue Perspektiven zu entwickeln, um besser mit der Situation umgehen zu k\u00f6nnen.<\/p><\/li><\/ul><p><strong>Gemeinsam stark werden<\/strong><\/p><p>Ich glaube daran, dass Sie die F\u00e4higkeiten haben, Lebenskrisen zu \u00fcberwinden und gest\u00e4rkt daraus hervorzugehen. Wenn Sie auf der Suche nach jemandem sind, der an Ihrer Seite steht und Sie auf Ihrem Weg der Heilung und des Wachstums begleitet, stehe ich Ihnen gerne zur Verf\u00fcgung. Lassen Sie uns gemeinsam den ersten Schritt machen \u2013 kontaktieren Sie mich f\u00fcr weitere Informationen oder um einen Termin zu vereinbaren.<\/p>\t\t\t\t\t\t\t\t<\/div>\n\t\t\t\t<\/div>\n\t\t\t\t\t<\/div>\n\t\t<\/div>\n\t\t\t\t\t<\/div>\n\t\t<\/section>\n\t\t\t\t\t<\/div>\n\t\t<\/div>\n\t\t\t\t\t<\/div>\n\t\t<\/section>\n\t\t\t\t<\/div>\n\t\t","protected":false},"excerpt":{"rendered":"<p>Begleitung in Lebenskrisen Das Leben ist voller H\u00f6hen und Tiefen, und manchmal k\u00f6nnen wir in Situationen geraten, die uns \u00fcberw\u00e4ltigen, verunsichern und uns das Gef\u00fchl geben, dass wir nicht weiterkommen k\u00f6nnen. Genau in solchen Momenten m\u00f6chte ich Ihnen beistehen. Was Sie von meiner Begleitung erwarten k\u00f6nnen: Ein offenes Ohr und Herz: W\u00e4hrend einer Lebenskrise m\u00f6chte &hellip;<\/p>\n<p class=\"read-more\"> <a class=\"\" href=\"https:\/\/renatejessen.de\/index.php\/begleitung-in-lebenskriesen\/\"> <span class=\"screen-reader-text\">Begleitung in Lebenskrisen<\/span> Weiterlesen &raquo;<\/a><\/p>\n","protected":false},"author":1,"featured_media":0,"parent":0,"menu_order":0,"comment_status":"closed","ping_status":"closed","template":"","meta":{"site-sidebar-layout":"no-sidebar","site-content-layout":"page-builder","ast-global-header-display":"","ast-banner-title-visibility":"","ast-main-header-display":"","ast-hfb-above-header-display":"","ast-hfb-below-header-display":"","ast-hfb-mobile-header-display":"","site-post-title":"disabled","ast-breadcrumbs-content":"","ast-featured-img":"disabled","footer-sml-layout":"","theme-transparent-header-meta":"","adv-header-id-meta":"","stick-header-meta":"","header-above-stick-meta":"","header-main-stick-meta":"","header-below-stick-meta":"","footnotes":""},"class_list":["post-1511","page","type-page","status-publish","hentry"],"_links":{"self":[{"href":"https:\/\/renatejessen.de\/index.php\/wp-json\/wp\/v2\/pages\/1511","targetHints":{"allow":["GET"]}}],"collection":[{"href":"https:\/\/renatejessen.de\/index.php\/wp-json\/wp\/v2\/pages"}],"about":[{"href":"https:\/\/renatejessen.de\/index.php\/wp-json\/wp\/v2\/types\/page"}],"author":[{"embeddable":true,"href":"https:\/\/renatejessen.de\/index.php\/wp-json\/wp\/v2\/users\/1"}],"replies":[{"embeddable":true,"href":"https:\/\/renatejessen.de\/index.php\/wp-json\/wp\/v2\/comments?post=1511"}],"version-history":[{"count":8,"href":"https:\/\/renatejessen.de\/index.php\/wp-json\/wp\/v2\/pages\/1511\/revisions"}],"predecessor-version":[{"id":1531,"href":"https:\/\/renatejessen.de\/index.php\/wp-json\/wp\/v2\/pages\/1511\/revisions\/1531"}],"wp:attachment":[{"href":"https:\/\/renatejessen.de\/index.php\/wp-json\/wp\/v2\/media?parent=1511"}],"curies":[{"name":"wp","href":"https:\/\/api.w.org\/{rel}","templated":true}]}}